Calculate the remainder when 1615 is divided by 319.
20
Calculate the remainder when 859596 is divided by 237.
234
What is the remainder when 58271 is divided by 11?
4
What is the remainder when 28114 is divided by 40?
34
Calculate the remainder when 35548 is divided by 17.
1
What is the remainder when 11947 is divided by 1990?
7
Calculate the remainder when 35408 is divided by 181.
113
Calculate the remainder when 72851 is divided by 139.
15
Calculate the remainder when 572741 is divided by 63633.
44
What is the remainder when 54496 is divided by 586?
584
What is the remainder when 35147 is divided by 24?
11
What is the remainder when 68694 is divided by 30?
24
Calculate the remainder when 1808 is divided by 259.
254
What is the remainder when 94 is divided by 85?
9
Calculate the remainder when 2654 is divided by 150.
104
Calculate the remainder when 3884 is divided by 1555.
774
What is the remainder when 4775 is divided by 234?
95
Calculate the remainder when 21347 is divided by 3547.
65
What is the remainder when 8299 is divided by 25?
24
Calculate the remainder when 108494 is divided by 36145.
59
Calculate the remainder when 314091 is divided by 68.
67
Calculate the remainder when 17401 is divided by 84.
13
What is the remainder when 82873 is divided by 85?
83
Calculate the remainder when 19390 is divided by 3867.
55
What is the remainder when 6223 is divided by 1500?
223
What is the remainder when 9418 is divided by 1176?
10
What is the remainder when 5979749 is divided by 85?
84
Calculate the remainder when 22814 is divided by 265.
24
What is the remainder when 1491 is divided by 764?
727
Calculate the remainder when 5848 is divided by 5840.
8
Calculate the remainder when 2533 is divided by 376.
277
What is the remainder when 23155 is divided by 11569?
17
Calculate the remainder when 2095 is divided by 30.
25
Calculate the remainder when 442 is divided by 434.
8
What is the remainder when 398336 is divided by 24896?
0
Calculate the remainder when 97677 is divided by 185.
182
Calculate the remainder when 40418 is divided by 91.
14
What is the remainder when 1257 is divided by 258?
225
Calculate the remainder when 11814 is divided by 28.
26
Calculate the remainder when 3423 is divided by 98.
91
Calculate the remainder when 31142 is divided by 118.
108
Calculate the remainder when 225783 is divided by 56441.
19
What is the remainder when 13769 is divided by 11?
8
What is the remainder when 46 is divided by 39?
7
What is the remainder when 2042594 is divided by 739?
737
Calculate the remainder when 2883 is divided by 11.
1
What is the remainder when 2386 is divided by 1180?
26
What is the remainder when 27228 is divided by 159?
39
Calculate the remainder when 211620 is divided by 583.
574
Calculate the remainder when 10600 is divided by 7.
2
Calculate the remainder when 623 is divided by 23.
2
Calculate the remainder when 5394 is divided by 13.
12
Calculate the remainder when 5219 is divided by 74.
39
What is the remainder when 976857 is divided by 67?
64
What is the remainder when 182168 is divided by 12143?
23
Calculate the remainder when 4725 is divided by 142.
39
What is the remainder when 2913 is divided by 968?
9
What is the remainder when 10287 is divided by 490?
487
Calculate the remainder when 68940 is divided by 284.
212
What is the remainder when 10739 is divided by 5344?
51
Calculate the remainder when 168986 is divided by 262.
258
What is the remainder when 22447 is divided by 695?
207
What is the remainder when 535848 is divided by 856?
848
What is the remainder when 1292 is divided by 357?
221
Calculate the remainder when 2303 is divided by 480.
383
Calculate the remainder when 18922 is divided by 440.
2
What is the remainder when 2586 is divided by 965?
656
What is the remainder when 936796 is divided by 43?
41
What is the remainder when 129017 is divided by 232?
25
What is the remainder when 10029 is divided by 1458?
1281
What is the remainder when 144719 is divided by 1216?
15
What is the remainder when 50087 is divided by 33?
26
Calculate the remainder when 357629 is divided by 21.
20
What is the remainder when 166619 is divided by 31?
25
Calculate the remainder when 273021 is divided by 8.
5
What is the remainder when 354 is divided by 16?
2
What is the remainder when 6273 is divided by 396?
333
What is the remainder when 141920 is divided by 47299?
23
Calculate the remainder when 5357 is divided by 1736.
149
What is the remainder when 148899 is divided by 49630?
9
Calculate the remainder when 4612 is divided by 354.
10
What is the remainder when 659834 is divided by 473?
472
Calculate the remainder when 6126 is divided by 166.
150
Calculate the remainder when 6181 is divided by 128.
37
Calculate the remainder when 328897 is divided by 460.
457
What is the remainder when 15717 is divided by 61?
40
Calculate the remainder when 424922 is divided by 55.
47
Calculate the remainder when 221682 is divided by 110832.
18
What is the remainder when 16374 is divided by 8185?
4
Calculate the remainder when 65596 is divided by 4099.
12
What is the remainder when 20330 is divided by 82?
76
What is the remainder when 30042 is divided by 9975?
117
Calculate the remainder when 188867 is divided by 374.
371
What is the remainder when 76858 is divided by 244?
242
Calculate the remainder when 1699598 is divided by 200.
198
Calculate the remainder when 667 is divided by 327.
13
What is the remainder when 4658 is divided by 1502?
152
Calculate the remainder when 936843 is divided by 400.
43
What is the remainder when 1126 is divided by 608?
518
What is the remainder when 13744 is divided by 624?
16
Calculate the remainder when 26550 is divided by 3789.
27
What is the remainder when 44009 is divided by 373?
368
What is the remainder when 143822 is divided by 404?
402
Calculate the remainder when 416287 is divided by 50.
37
What is the remainder when 24032 is divided by 534?
2
Calculate the remainder when 8913 is divided by 1780.
13
What is the remainder when 40038 is divided by 19435?
1168
What is the remainder when 6284 is divided by 5909?
375
What is the remainder when 217 is divided by 57?
46
Calculate the remainder when 55401 is divided by 3951.
87
What is the remainder when 13974 is divided by 6849?
276
Calculate the remainder when 341885 is divided by 895.
890
Calculate the remainder when 81344 is divided by 104.
16
Calculate the remainder when 1371 is divided by 107.
87
Calculate the remainder when 4029 is divided by 5.
4
Calculate the remainder when 141797 is divided by 177.
20
What is the remainder when 3195 is divided by 65?
10
What is the remainder when 8863 is divided by 2941?
40
Calculate the remainder when 3208 is divided by 1065.
13
Calculate the remainder when 7967 is divided by 297.
245
What is the remainder when 2700 is divided by 1335?
30
What is the remainder when 16876 is divided by 253?
178
What is the remainder when 550086 is divided by 28?
26
Calculate the remainder when 33867 is divided by 573.
60
Calculate the remainder when 35632 is divided by 103.
97
What is the remainder when 1018466 is divided by 293?
291
Calculate the remainder when 76955 is divided by 106.
105
Calculate the remainder when 6041933 is divided by 9.
8
What is the remainder when 1921 is divided by 240?
1
What is the remainder when 1541 is divided by 605?
331
What is the remainder when 24122 is divided by 19?
11
Calculate the remainder when 11942 is divided by 208.
86
What is the remainder when 8680 is divided by 45?
40
Calculate the remainder when 211568 is divided by 326.
320
What is the remainder when 345954 is divided by 390?
24
Calculate the remainder when 25514 is divided by 113.
89
Calculate the remainder when 2235 is divided by 171.
12
Calculate the remainder when 163247 is divided by 966.
959
Calculate the remainder when 1758 is divided by 446.
420
Calculate the remainder when 1617406 is divided by 128.
126
Calculate the remainder when 227388 is divided by 44.
40
Calculate the remainder when 54691 is divided by 484.
483
Calculate the remainder when 245 is divided by 21.
14
What is the remainder when 26162 is divided by 49?
45
What is the remainder when 39769 is divided by 118?
3
Calculate the remainder when 21591 is divided by 177.
174
